 f(-2)?
1
Let z = 18008 + -4841. What is the ten thousands digit of z?
1
Let m be (6/(-15))/(-3 - (-354)/120). Suppose 8 = 3*r + p, -r + m = -4*p - p. Suppose -r*l + 8*l = 1135. What is the tens digit of l?
2
Let x = 295 + -291. Suppose -3*p = 12, 1386 + 586 = x*k + 2*p. What is the hundreds digit of k?
4
Suppose -3*j = 1358 - 4310. What is the hundreds digit of j?
9
Let k(h) = -36*h - 30. Let z be k(-7). Suppose -229*s = -z*s - 9065. What is the units digit of s?
5
What is the tens digit of (-16618)/(-12)*56/49*(-18)/(-4)?
2
Suppose -7819*m = -7793*m - 1586650. What is the thousands digit of m?
1
Let y = 3266 - 818. What is the hundreds digit of y?
4
Let m(s) = 160*s**2 - 68*s + 1074. What is the ten thousands digit of m(16)?
4
Suppose -y = 2*y - 246. Suppose 2*g = -2, -y = -o - 2*o + 4*g. Suppose -5*j = 0, -a - 3*j = j - o. What is the tens digit of a?
2
Let n be 0 + 4 + (2 + 1)*-8. Let l(h) = 58*h**2 - 2*h + 5. Let c be l(-5). What is the tens digit of 6/8 - c/n?
7
Suppose -3607587 = -78*k + 796875 - 468894. What is the hundreds digit of k?
4
Suppose -m = -24 + 31. What is the units digit of m/((-14)/30)*(-252)/(-10)?
8
Let z be 5777 - (-1)/((-3)/(-15)). Suppose 2*w = -12*w - z. Let y = w + 658. What is the units digit of y?
5
Let i(k) be the third derivative of -7*k**4/8 - 7*k**3/6 - 7*k**2. Let y be i(9). Let z = -35 - y. What is the hundreds digit of z?
1
Suppose -6*y = -y + 4*m - 28, 0 = -2*y + 5*m + 31. Suppose y*v - 31 - 249 = 0. What is the tens digit of v?
3
Let v be 10/(-4)*-1*(-306)/(-15). Suppose -24*f + v*f = 27540. What is the units digit of f?
0
Suppose 2*u = 273 - 905. Let l = u - -791. What is the hundreds digit of l?
4
Suppose 110*t - 270*t = -2414426 - 1397254. What is the hundreds digit of t?
8
Let w = -15 - -41. Suppose 3*k + 21 = -3*x, 5*x + 4 + w = -4*k. What is the hundreds digit of (273/x)/7*-6?
1
Suppose -474500 = -40*y - 10*y. What is the tens digit of y?
9
Let o(j) = -39 - 732*j + 703*j - 5. What is the units digit of o(-19)?
7
Let s = 12955 - 9072. What is the units digit of s?
3
Let z = -3742 + 8951. What is the units digit of z?
9
Let j = 38926 + -21573. What is the ten thousands digit of j?
1
Let l be -6 + 10 - -2 - 2. Let r(c) = 4*c - 8. Let s(y) = -y. Let k(o) = -r(o) - 12*s(o). What is the units digit of k(l)?
0
What is the thousands digit of 810/2835 + (-218755)/(-7)?
1
What is the tens digit of (1 - (-5)/(-4))*-1260?
1
Let h = 476 - 473. Suppose -3*t = -h*r + 150, -4*t + 30 - 182 = -3*r. What is the units digit of r?
8
Suppose -5440*q = -5426*q - 115612. What is the hundreds digit of q?
2
What is the hundreds digit of (265/(-15) - -19) + 27650/3?
2
What is the hundreds digit of -12*(-14)/(-42) + -4 + 5578?
5
Let m(o) = 3*o - 39. Let t(f) = -f + 1. Let u(s) = -m(s) - 4*t(s). Let q = -1469 - -1469. What is the units digit of u(q)?
5
Suppose 4*l + 0*l - 3*t + 12 = 0, -12 = -3*l - 3*t. Let u be (15/(-12))/(l + 1/(-4)). Suppose u*n - 256 = -4*z, -7 = -3*n + 5. What is the units digit of z?
9
Let o(l) = -l**3 + 11*l**2 - 46*l - 231. What is the hundreds digit of o(-10)?
3
Let g be (2580*1 - -2)/(2 - 1). Let s = g - 1482. What is the hundreds digit of s?
1
Let f = -65 - -79. Suppose 0*j - 6006 = -f*j. What is the units digit of j?
9
Suppose 0 = 4*f + 3*h - 38760, -2*h + 48450 = -6*f + 11*f. What is the thousands digit of f?
9
Let m(j) = j**3 - 4*j**2 - 4*j + 12. Let v be m(5). Let t = v - 12. Suppose -4*g - 201 = -3*o - 870, 4*g - t*o - 675 = 0. What is the units digit of g?
5
Let l be 2 - (15 + -2) - 2. Let k(w) = -w**3 + 7*w**2 - 7*w + 8. Let r be k(6). What is the units digit of r/l + (-640)/(-104)?
6
Let u(g) = 4*g**3 + 23*g**2 + 17*g + 6. What is the hundreds digit of u(10)?
4
Let x(h) = 560*h**3 + 2*h**2 - 13*h + 12. Suppose 3*r - 2 = -2*f - 9, -3*f = -3*r - 12. What is the units digit of x(f)?
1
What is the tens digit of -11127*(-3 - (-28)/14)?
2
Let p(s) = -62 + 721*s - 1389*s + 733*s. What is the tens digit of p(7)?
9
Suppose -k - 5*x + 3445 = 0, -4*x + 7212 = 2*k + 292. Suppose -k = -16*i + 2418. What is the hundreds digit of i?
3
Suppose -16 = 5*n - 5*r - 1, 3 = 4*n - r. What is the hundreds digit of 79*(n - 1)/((-4)/(-20))?
3
Let m be (0 + 1 + 23)*(-4)/6. Let a(z) = -z**3 - 17*z**2 - 25*z - 29. What is the hundreds digit of a(m)?
1
Suppose 30*r - 158*r = -2097024. What is the ten thousands digit of r?
1
Let k be (-6 - -17)/(0 - 2/(-26)). Suppose k - 99 = 4*r. What is the tens digit of r?
1
Suppose -32*r + 122778 = 21*r - 44*r. What is the ten thousands digit of r?
1
Let c be ((-40)/(-6))/(2*(-1)/3). Let t(v) = -v**3 - 8*v + v**2 - 10*v - 12*v**2 - 2. What is the tens digit of t(c)?
7
Let t = 21 + -17. Let c be (18/t)/(24/64). Suppose o = 2*v + c, v + 1 + 4 = 0. What is the units digit of o?
2
Suppose -3*n + 3*d = -0*d - 15, 5*n - 21 = 3*d. Let k(b) = 237*b + 47. What is the tens digit of k(n)?
5
Let n(a) = 36*a - 54. Let q be n(13). What is the tens digit of (-4)/4*1 + 3 + q?
1
Suppose -4*f - 2 = m + 15, 25 = -5*m - 5*f. Let k(s) = -36*s**3 + 6*s**2 - 6*s**2 - s**3. What is the tens digit of k(m)?
3
Let t be (-4 - -2)*(-95)/38. Suppose 5*r - 3*f + 2 = -7, -4*f = 5*r - 12. Suppose t*x + x - 546 = r. What is the tens digit of x?
9
Let n = 83 - 216. Suppose -5*y - 1043 = 3*w - 333, -2*w - 2*y = 480. Let u = n - w. What is the units digit of u?
2
Suppose -2*s - 4 = 0, 3*l - 2*s = 11 + 17. Suppose -l*a + 1170 = -574. What is the tens digit of a?
1
Suppose 8451 = 5*p + m - 5*m, 0 = 3*p - m - 5072. Let a = p - 964. What is the hundreds digit of a?
7
Suppose 0 = -3*w - 290 + 1070. Let b = 378 - w. What is the units digit of b?
8
Let r = 10184 - 3779. What is the thousands digit of r?
6
Suppose -19*d + 77 + 151 = 0. Suppose -2*j - d*j + 1106 = 0. What is the tens digit of j?
7
Suppose 3*x - 2*m = -277 + 74, 309 = -4*x - 5*m. Let v = 357 - 366. Let s = v - x. What is the units digit of s?
2
Let z = -65 + 128. Let m be (-64)/(-24)*z/12. Suppose 15*u - m*u - 183 = 0. What is the tens digit of u?
8
Let a(k) = -k**2 - 33*k + 4. Let l be a(-33). Suppose l*b + 1508 + 1572 = 5*v, -2*v = 3*b - 1255. What is the units digit of v?
0
Let v = 21775 - 1621. What is the hundreds digit of v?
1
Let f(w) = 169*w**2 - 57*w + 227. What is the units digit of f(12)?
9
Let y be 560/(-3) - 4/12. Suppose -9*g - 1254 = 2*g. Let d = g - y. What is the units digit of d?
3
Let z = -2404 - -4004. Suppose -5*r + z = -1885. What is the hundreds digit of r?
6
Suppose -12*u = 4*i - 8*u + 12, i - 4*u + 23 = 0. What is the hundreds digit of 540 + i + (3 - -1)?
5
Let z = -108 + 114. What is the hundreds digit of (z - 486/45)*(-340)/3?
5
Let r(j) be the third derivative of -5*j**4 - 16*j**3/3 - j**2 - 31. What is the hundreds digit of r(-3)?
3
Let y be (-1*(-743 + 4))/(-1). Let r = 1179 + y. What is the hundreds digit of r?
4
What is the thousands digit of 34*(769/(-3))/((-236)/354)?
3
Let k(i) = 4*i**2 + 77*i + 710. What is the thousands digit of k(-42)?
4
Let h = -6128 - -7892. What is the units digit of h?
4
Suppose -16*y - 10077 = -130845. What is the tens digit of y?
4
Suppose -2*q = -2*s - 2318, 4*q = -q - s + 5765. Suppose -2*r + t = -q, -4*r + 1340 + 972 = -t. What is the units digit of r?
9
Let w(n) = -482*n - 106. What is the tens digit of w(-4)?
2
What is the ten thousands digit of (-34319)/(6 - (9 - -12)/(1 + 2))?
3
Let b(w) = -w**3 - w**2 + 5*w + 9. Let y be b(-7). Suppose 2*o - 4*l = 6 + y, -256 = -2*o - 5*l. What is the hundreds digit of o?
1
Let f(v) = -v**2 + 2*v - 1. Let t be f(1). Suppose r + 1815 = -t*r. What is the tens digit of r/(-18) + (-4)/(-24)*1?
0
Suppose -7*u = -3*u + 3512. Let c = -483 - u. What is the tens digit of c?
9
Suppose 2*l - 395 = 3*j, -4*l + 4*j + 840 = 8*j. Suppose l + 95 = 3*k. What is the tens digit of k?
0
What is the thousands digit of (4 + 15 - -1)*431/4?
2
Let d = -1409 - -2149. Suppose -3*k + n + 4*n + 1143 = 0, -2*k - 4*n = -d. What is the hundreds digit of k?
3
Let r be ((-4)/(-6))/((-46)/1863). Let c = r + 63. What is the units digit of c?
6
Let y(n) = 43*n + 2. Let t be 2*4/32 + 14/8. Let f be y(t). Suppose f = 4*a + l + 3*l, 2*a + 4*l - 40 = 0. What is the tens digit of a?
2
Let o = -18 + 21. Suppose -o*m + 219 = -81. Let b = -83 + m. What is the tens digit of b?
1
Suppose -a = 3*l - 503,